11
Suppose -2*c + 26 + 28 = j, -c = 2*j - 30. Let f = c + -13. Let a be (-12 - (-99)/11)*-39. Calculate the greatest common factor of f and a.
13
Let s = -2060 + 3770. Suppose 0 = -4*x + s + 1290. Calculate the highest common factor of 30 and x.
30
Let l be 304/(-20)*((-201)/6 - -1). Calculate the greatest common factor of 182 and l.
26
Let j(k) = 9*k**3 - k**2 - k - 2. Let t be j(2). Let d be ((-36)/(-45)*-3)/((-15)/1000). What is the highest common factor of d and t?
32
Let m(a) = 133*a - 287. Let i be m(17). What is the greatest common divisor of 84 and i?
42
Suppose 57 = 2*p + p. Let l be (45/(-10))/((-15)/90). Let g = l + 125. Calculate the highest common factor of p and g.
19
Let j be (7 - -6)/((-12)/12)*-27. What is the greatest common divisor of j and 16263?
117
Suppose -4*w + 26 = -230. Suppose 0 = 66*p - 65*p + 3, 4*u + 4*p - 4 = 0. Calculate the highest common divisor of u and w.
4
Let w be ((9/(-3))/(-3) - -5)/(18/270). What is the greatest common factor of w and 1125?
45
Let k be (-8449)/71*9/3*-1. What is the greatest common factor of k and 12?
3
Let v = -2 + 0. Suppose 39 = -9*m + 12. Let l be v - ((-3)/m + -5). Calculate the highest common divisor of 16 and l.
2
Let b(x) = x**3 + 21*x**2 - 4*x. Let a be b(-10). Let k(n) = 3*n + 59. Let m be k(-13). What is the highest common factor of m and a?
20
Suppose 740 = 4*w - 20. Let i be (-1 - -16) + (-7)/((-49)/(-35)). What is the highest common divisor of w and i?
10
Suppose -2*b = -6*b + 24, b - 702 = -2*t. Calculate the highest common factor of 435 and t.
87
Let c(s) = 17*s**2 - s + 2. Let t be c(-5). Suppose -65 = -56*b + 943. Calculate the greatest common factor of t and b.
18
Let o = 202 - 86. Suppose 0 = 52*p - 55*p + 12. Calculate the greatest common factor of o and p.
4
Suppose 273*r - 278*r = -50. Suppose r = 5*x - 25. Calculate the greatest common divisor of 1 and x.
1
Let m(p) be the second derivative of -9*p**3/2 - 81*p**2/2 + 2*p - 75. Let f be m(-4). What is the highest common factor of f and 351?
27
Let y(z) = z - 8. Let r(x) = x - 4. Let w(s) = 3*r(s) - 4*y(s). Let o = 38 + -58. Let t be w(o). Calculate the highest common divisor of 16 and t.
8
Let i(g) = -5*g**3 - 12*g**2 - 7*g - 8. Let m be i(-5). Let l be (-11)/((-44)/224) + 104/13. Calculate the highest common divisor of l and m.
32
Let i(z) = -z**3 - 6*z**2 + 4*z - 6. Let b be i(-7). Let v be -33*(1 - 3 - (-15 - -9)). Let o = v + 147. What is the highest common divisor of b and o?
15
Suppose -4*d + 136*k - 131*k + 615 = 0, 0 = 5*d + 2*k - 777. What is the highest common factor of 62 and d?
31
Let o = 103 + -83. Let g(n) = -13*n**2 - 12*n - 7. Let y be g(-5). Let i = y - -452. What is the greatest common factor of i and o?
20
Let h = -640 - -205. Let r be 1/(-2) + h/(-2) + -3. Let o = r + -102. What is the greatest common divisor of o and 8?
8
Let l be 181/9 + -10 + 8/(-72). Calculate the greatest common divisor of 40990 and l.
10
Suppose 12*d - 8*d - 5*m = 5123, -5*m + 25 = 0. Calculate the highest common divisor of d and 702.
117
Let y(w) = -24*w**3 - 216*w**2 - 5*w + 21. Let q be y(-9). Let b be 4 - -2 - 1 - 2. What is the highest common factor of b and q?
3
Suppose -612*q + 312*q = -309*q + 675. What is the highest common factor of q and 9075?
75
Let l be (-11 - -6*22/12) + -1 + 7173. What is the greatest common divisor of 163 and l?
163
Let h(j) = 7*j + 214. Let g be h(-30). Suppose 2*d = -5*a + 320, -2*a + g*d - 112 = -4*a. Calculate the greatest common factor of 6 and a.
6
Suppose -192*g - 59*g + 16*g + 16249780 = 0. What is the greatest common factor of 293 and g?
293
Let f be 14/(-49) - 2/(-7). Suppose f*i = 3*i - 111. Let k = 44 - i. Calculate the greatest common divisor of 7 and k.
7
Suppose 112 = 41*f - 40*f. What is the highest common divisor of f and 1736?
56
Let o(u) = 6*u + 2. Let b be o(3). Suppose 2*q - 5*i - b = -3*q, -4*q = i - 11. Suppose 6*d = 12*d - 36. Calculate the highest common divisor of d and q.
3
Let l(r) = -9*r + 40. Let n(b) = -8*b + 40. Let j(o) = -4*l(o) + 3*n(o). Let y be j(10). Calculate the greatest common factor of 32 and y.
16
Suppose 0*a - k = 2*a - 155, -5*a - 4*k + 383 = 0. Suppose a - 565 = -9*z. Let x = 36 + z. What is the greatest common divisor of x and 15?
15
Suppose 9*h = 27 - 0. Let c be (-2 + 0 - -5) + (3 - h). Suppose -3 = -x + c*z + 19, 0 = 4*x - 4*z - 88. What is the greatest common divisor of 33 and x?
11
Suppose 0 = -157*g + 145*g - 360. Let t be (-4)/15*9*g/8. What is the highest common factor of t and 9?
9
Let m be (12 + 15)/(2/3 - 3/(-9)). Calculate the greatest common factor of m and 3843.
9
Let w = -36 - -39. Suppose -2*v - 14 = -4*c, v - 4*v = -4*c + 11. Let t be ((36 - v) + 0)*1. What is the greatest common factor of t and w?
3
Let y(h) = 9*h**2 - 10*h**3 + 5 + 9*h**3 + 1. Let s be y(9). What is the greatest common divisor of 16 and s?
2
Suppose 8*y - 3*y - 10 = 0. Suppose -2*n + 8 = y*x - 36, -3*n + 28 = x. Suppose 0 = 12*u - 61*u + 1862. Calculate the greatest common divisor of x and u.
19
Suppose -8*l = 1 - 25. Let b(y) = y**2 - 1. Let c be b(l). Suppose 4*d - c = 3*d. Calculate the greatest common divisor of 32 and d.
8
Let j = -249 - -251. Suppose -j*z + 14 = -16. What is the greatest common divisor of 65 and z?
5
Let k = 5893 - 5134. Calculate the highest common factor of 121 and k.
11
Let y = -4278 - -7190. Calculate the highest common divisor of y and 13.
13
Suppose 0 = -1317*a + 1316*a + 1173. What is the highest common divisor of 46 and a?
23
Let j = 53 - 79. Let a = j + -8. Let c = 57 + a. Calculate the highest common factor of 92 and c.
23
Let u = 17968 + -17952. Calculate the greatest common divisor of 15152 and u.
16
Let c = -13 + 17. Suppose 0 = c*o + 7 + 153. Let x = 51 + o. Calculate the highest common factor of x and 1.
1
Suppose 3*m - 2*n + 4*n - 226 = 0, 4*m - 308 = 4*n. Calculate the greatest common factor of 1634 and m.
38
Let r = 0 + 1. Suppose 64*v - 66*v = -3*p + 59, -3*p - v = -65. What is the highest common factor of r and p?
1
Let g = 40 - -104. Let b = 232 - g. Calculate the highest common factor of 8 and b.
8
Let i(w) = 4*w**3 + 3*w**2 - 3*w. Let x be i(1). Suppose x*s + 2*q = 24, -7*q = -10*q. Calculate the highest common factor of 18 and s.
6
Suppose 0 = -2*s - 705 + 17943. Calculate the highest common divisor of s and 78.
39
Let o = 374 + -350. Calculate the greatest common factor of 1884 and o.
12
Suppose -1045*u + 1042*u = -l - 35, u = -l + 13. Calculate the greatest common factor of 9276 and u.
12
Let t(q) = 27*q - 265. Suppose c = -3*c + 2*y + 54, c + 9 = -4*y. Let g be t(c). What is the highest common divisor of 224 and g?
32
Let j be ((-33)/22)/(1/(-440)*6). Calculate the greatest common factor of j and 16830.
110
Let u = 42 + -24. Let v = -16 + u. Let m be (-62)/(-5) - 1*v/5. What is the greatest common factor of 84 and m?
12
Let q = 70 + 1587. Suppose -32*d + 2343 + q = 0. What is the greatest common divisor of d and 50?
25
Let q = -14400 + 14562. What is the greatest common divisor of q and 32238?
162
Let a be (1 - (3 - 0)) + 189*42/9. Calculate the highest common factor of a and 72.
8
Let m be 26620/385*(630/(-12))/(-5). Suppose -20 = -3*u - 2. Calculate the greatest common divisor of u and m.
6
Suppose 26433 = 99*t + 3267. What is the greatest common divisor of 1014 and t?
78
Let j = -44 + 91. Suppose 0*v - 5*p = -3*v + 161, v + 5*p = j. Let d = -541 + 697. Calculate the highest common factor of d and v.
52
Let a(o) = 5*o**2 - 3*o**2 - 13 - 3*o + 8. Let l be a(3). Let d(k) = 10*k - 6. Let c be d(5). What is the greatest common divisor of l and c?
4
Let h(v) = 9*v**2 - 9*v + 33. Let t be h(6). Let a = t - 300. Let j be (2/(-6))/((-1)/45). What is the greatest common divisor of j and a?
3
Suppose 5*w = w - 4*i + 232, w - 53 = -2*i. Suppose w = 780*k - 777*k. Calculate the greatest common factor of k and 24.
3
Let p = 11828 + 11228. What is the greatest common divisor of p and 176?
176
Suppose 0*z = -4*z - 3*u + 246, 0 = z - 5*u - 73. Let d = -2011 + 2095. What is the greatest common divisor of d and z?
21
Let a = 52 + -61. Let w(q) = -q**3 - 7*q**2 + 18*q + 12. Let y be w(a). Suppose f + 0 = 3*z + 1, 3*z - 7 = -f. What is the highest common divisor of f and y?
4
Suppose 0 = 4*g - g - 48. Let j = -699 + 689. 